t is the value of 1 + (-1 - 0) + -15 + 17?
2
Evaluate -1 - (1 - 3 - (13 + -16)).
-2
What is the value of (8 - 1) + (13 - 14)?
6
What is 2 + -3 - (8 - 5)?
-4
(-6 - (7 + -6 + 1)) + 3
-5
Calculate 0 - (-5 - (-2 + -1)).
2
What is 2 + (1 - 1) + 1?
3
Evaluate (-4 - -1) + -9 + 9 - -4.
1
-6 + 1 + (91 - 92)
-6
Evaluate -1 + 1 + 1 + -2 - -4.
3
Evaluate 18 + -7 - (2 + 0).
9
Calculate -1 - -5 - (-4 + 3 + 0).
5
What is 17 - 15 - (2 + -8)?
8
Evaluate -29 - -21 - (-4 + 2).
-6
Calculate 15 - (16 + -9) - 5.
3
Calculate (6 - (-10 + 7)) + -6.
3
What is the value of -1 - -1 - -2 - (-11 - -9)?
4
What is -1 - -5 - (0 + -2 - -4)?
2
What is the value of (-3 + 5 - 6) + -3 - -4?
-3
What is the value of -1 + -6 + 5 + (2 - -2)?
2
-14 + 17 + (-1 - 2)
0
-4 - (5 + -12 + 6)
-3
What is 0 + (-2 - -3 - 3)?
-2
Calculate -2 + -7 + 5 - (1 + -2).
-3
What is (-8 - -12 - 3) + -1?
0
What is -4 + -4 + (2 - -2) + 2?
-2
What is the value of (-1 + -2 + 5 - 0) + -5?
-3
What is -2 - (4 - (8 + -4)) - -1?
-1
What is 1 + 0 + 1 - (-30 - -33)?
-1
Calculate 1 + 6 + -2 + -6.
-1
What is the value of (1 - -3) + (2 - 4)?
2
What is the value of -3 + -5 + 3 + -1 - -1?
-5
Calculate -4 - ((1 - -3) + -2 + -3).
-3
Calculate -1 + 3 + (-11 - -4 - -2).
-3
Evaluate -6 + (-6 - -8) + 4.
0
Calculate 2 - 2 - (-1 + -1).
2
Calculate 93 - 89 - (2 + 8).
-6
Calculate 0 + (-1 - -4) + -4.
-1
Calculate -2 - (-5 + -1 + 7).
-3
Evaluate (-25 - -31) + -2 + (0 - 1).
3
What is the value of -1 + -2 + 3 + -2 + 2?
0
What is the value of (-1 - 2 - 3) + 3?
-3
What is the value of 1 + -3 - (4 + -1)?
-5
Calculate (-4 - -10) + (8 - 10) + 0.
4
(-6 + 2 - 7) + -2 + 8
-5
4 - 4 - ((-3 - -3) + 4)
-4
What is (11 - 3) + -1 - 1?
6
What is -6 + 7 - (0 - (3 - 1))?
3
What is 2 + (-3 + -3 - -3 - -4)?
3
What is the value of (0 - (-9 + 4)) + -6?
-1
-11 - -6 - -2 - -7
4
Calculate (-5 - (-2 + 6)) + 4 - -11.
6
What is the value of -6 + 0 + 1 - (-4 + 2)?
-3
Evaluate (10 - 21) + 5 - (-5 + 1).
-2
Calculate (0 - 7) + 4 + 5.
2
(3 - -2) + -51 + 39
-7
What is the value of (0 - -1) + (11 - 12)?
0
What is the value of -5 + 0 - (-24 + 7 + 14)?
-2
Calculate -3 - (-6 + -1 + 2).
2
Evaluate 7 + -1 + -1 + -1.
4
What is the value of (-19 - -23) + (-12 - -3)?
-5
(-1 - (-3 + -1)) + 0
3
What is -4 + 3 + 2 - 9 - 0?
-8
Calculate 4 + (1 - -1 - 3).
3
-6 + 1 + 0 + 5
0
Calculate (-3 + 6 - -2) + -1.
4
4 + (-1 - -3 - (-1 + 3))
4
What is the value of 1 - 2 - (-2 + 2)?
-1
What is the value of 2 + -5 + 7 - 3?
1
What is -2 + (1 - 0 - 3)?
-4
What is the value of 4 + 0 + 18 + -23?
-1
2 + (-1 - -2) + (100 - 99)
4
What is the value of 4 + -7 + 9 - (2 + -4)?
8
What is the value of -7 - -5 - -4 - (-2 + 0)?
4
4 - (13 + -4 + 1) - -4
-2
Calculate 0 - ((-14 - -12) + 1 + 0).
1
What is (-8 - -17) + -11 + 7?
5
What is 3 + -5 + (5 + -13 - -10)?
0
What is the value of -1 + 12 - (37 + -31)?
5
Evaluate (225 - 215) + (2 - 2 - 4).
6
-1 + -3 + 3 + 2
1
Evaluate -3 - (13 - 13 - (-1 + 9)).
5
Calculate (3 - 2) + 17 + -26.
-8
Evaluate -7 + (1 + -10 - (-1 - 5)).
-10
-3 + (-6 - -6) + 11
8
What is -1 + 0 + (4 - 1)?
2
Evaluate -2 - 1 - (-34 - -30).
1
What is (7 - 11) + (10 - 2)?
4
Calculate 2 + (-4 - (-2 - -2) - 3).
-5
Evaluate 27 + -27 - (0 - -5).
-5
Calculate 0 - -2 - (5 + -11 + 8).
0
What is (-8 - 2 - -9) + (3 - -3)?
5
Calculate -6 - (5 + -15) - 6.
-2
Calculate 2 + 10 + -4 + -12.
-4
What is the value of -5 + (4 - 2) + (-1 - -4)?
0
Evaluate (4 + -1 - 3) + 1.
1
Evaluate 5 + 13 + -22 + -1 + -2.
-7
What is the value of 3 + 5 + -9 + 5?
4
Evaluate -4 + (3 + -2 - 2).
-5
What is the value of (-4 - -5 - 5) + 7?
3
What is the value of (7 - 2) + -10 - -4?
-1
Evaluate 3 - -1 - (8 - (-5 + 14)).
5
Calculate -1 + (5 - -11) + -8.
7
Evaluate -39 - -40 - (-7 + 2).
6
What is the value of -5 + (2 - -1) + 0 + -4?
-6
-1 + -2 - (12 - 4 - 10)
-1
What is 3 - -8 - 3 - 10?
-2
Evaluate (2 - 5 - -7) + -2.
2
Calculate -7 + (-3 + 6 - 1).
-5
Calculate 0 - 2 - (-74 + 65).
7
What is the value of (-1 - -1 - 1) + -5 + 2?
-4
What is (5 - -2 - 7) + 4?
4
Calculate -8 + 5 + (5 - -4) - 10.
-4
What is the value of -10 - 1 - (-22 - -8)?
3
14 + (-4 - -6) + -5 - 6
5
Calculate 11 + (-1 - (-7 - -11)).
6
(-7 - -6) + -4 + (1 - 0)
-4
What is the value of -14 + 6 - (-8 + 3 + 0)?
-3
What is the value of -5 + (16 - 3 - (-1 - -5))?
4
What is the value of (5 - (1 + 1)) + 4 - 3?
4
Evaluate -1 + 4 + 8 + -6 + 0.
5
What is the value of 0 + -1 - (-6 - -5)?
0
Evaluate -16 + 4 - (0 - (13 - 10)).
-9
Calculate (6 - 2 - 4) + 1.
1
Calculate -6 + 1 + 0 - -5.
0
What is the value of -6 - (-7 + 4) - 6?
-9
Calculate 0 - (-3 + 2 + 1).
0
What is the value of (-2 - (0 - (6 + -3))) + 1?
2
What is the value of -6 - (6 + -11) - (-3 - -1)?
1
8 + 0 - (36 - 32)
4
What is (3 - (4 - 0)) + -4?
-5
What is 2 + (2 + -9 - (0 - -1))?
-6
Evaluate -1 - 7 - -5 - (2 + -3).
-2
What is the value of 17 + 0 + (35 - 45)?
7
What is the value of -4 + 13 + 4 + -4 - 5?
4
-12 + 3 + 10 + -2 - -2
1
Calculate -7 + -7 - -12 - 7.
-9
What is the value of -5 + (3 - -5) - -2?
5
Calculate -5 - (5 + -10) - 0 - 2.
-2
Evaluate 2 - (3 + 6 + -4).
-3
Calculate -10 - -19 - (6 + -5).
8
Evaluate -4 + 2 + (104 - 96).
6
Calculate -12 - -5 - -6 - (-6 + -1).
6
What is the value of -3 - -7 - 1 - (4 - 2)?
1
What is the value of 1 - 0 - (2 - (-4 - -1))?
-4
What is the value of (5 - -10) + -12 + (-3 - 2)?
-2
Calculate -6 - -1 - (-14 - 2 - -9).
2
What is -17 + (-10 - 0) + 21?
-6
(9 - (-1 - -4)) + -10 + 0
-4
-10 + (-2 - -9) + 2
-1
-2 + -2 + (1 - -3) + 3
3
What is -3 + (0 - 1 - -5)?
1
What is the value of 6 + (-9 - (1 - 2))?
-2
1 + 5 - (3 - 0)
3
What is the value of -8 - (-8 - 2) - (-3 + 0)?
5
0 - (-3 - -4) - (10 - 7)
-4
What is (19 - 16 - 0) + (0 - 5)?
-2
Calculate 2 + 4 + -2 + -4.
0
-7 + (7 - 6) - -5
-1
3 + -5 - (8 + -15)
5
Evaluate 1 - (-2 - (2 - (-3 + 5))).
3
What is -6 + -5 - (-8 + -5)?
2
Calculate -2 - (5 - (-3 - (-4 + -4))).
-2
Evaluate -1 - -6 - (6 - (-4 + 4)).
-1
What is (-3 - 10) + (8 - 0)?
-5
-5 + (-4 - (-1 + -6))
-2
Calculate 0 + (-9 + -1 - -7 - -5).
2
Evaluate (-4 + -1 - 1) + (-18 - -18).
-6
What is -11 + 10 + 1 + 2 + -5?
-3
Evaluate (-8 - -13) + -1 + -2.
2
Calculate -13 + 9 - (-7 - -1).
2
Evaluate -22 - -19 - (1 + 3 - 2).
-5
What is -10 + 1 + (4 - -3)?
-2
Calculate 0 + (7 - (-1 + 5)).
3
Evaluate -4 - (1 - 1) - (-42 + 35).
3
What is 2 + (-1 + 2 - -2)?
5
What is the value of -3 - ((-1 - 1) + (0 - 1))?
0
What is -4 - (-7 - (-4 + 5 + -5))?
-1
2 - (3 + 0 + 0) - -5
4
Evaluate (-4 - 0) + (13 - 4) + 1.
6
Calculate -4 - (-8 + 2 + 2) - -6.
6
What is -3 - 2 - (1 + -3)?
-3
What is the value of -3 + 1 + (8 - 6 - 2)?
-2
Evaluate 0 - -2 - (-4 - (1 - 2)).
5
What is 0 + -4 - (-22 - -11 - -12)?
-5
What is -6 + 4 - (-2 + -3)?
3
(-3 - (4 - 3)) + 15 + -12
-1
Calculate (-4 - -4 - 3) + -2.
-5
Evaluate 1 + 4 + -2 - (7 + -7).
3
Evaluate (9 - (-9 + 19)) + 0.
-1
Evaluate 0 + 5 + 1 - 3.
3
What is the value of (12 - 4 - 4 - -3) + -4?
3
What is (-5 - (6 - 7)) + 1 + -5?
-8
Calculate -1 - (-1 - -1) - (-96 - -102).
-7
What is the value of (3 - -1) + -29 + 14 + 15?
4
Evaluate 0 - (-1 + 8 + -16 + 2).
7
Calculate 2 + (1 - 3) + (-3 - -3).
0
What is (-4 - 7) + (3 - -4)?
-4
-4 - (-12 + (-5 - -8))
5
Evaluate 11 + -13 - (-1 - 5) - -1.
5
Calculate 2 - -1 - (-1 - -1).
3
Evaluate -5 + (0 + 2 + 1 - 1).
-3
What is the value of -6 + (6 + 2 - 7)?
-5
What is the value of -4 + 2 - (4 - 7)?
1
What is the value of 6 + -7 + (-8 - -5 - 1)?
-5
What is -11 + 1 + 5 - (1 - 5)?
-1
Evaluate 5 - 5 - (-1 - (0 - 1)).
0
(4 - 3) + (11 - (6 + 1))
5
What is (4 - (-2 - -7)) + -1 - -7?
5
-5 + 1 + 2 + -3 - -2
-3
What is the value of -16 - 0 - (-67 - -62)?
-11
What is (9 - (5 + -1)) + -5?
0
What is 4 - (-1 + 1 - -3 - 3)?
4
What is the value of 8 + (0 - 0) + -3 - 1?
4
4 + (10 - 12) + 0
2
Calculate (-3 - -2) + (2 - (0 - -5)).
-4
Calculate -3 + (-3 - -1) + (2 - 2).
-5
(10 - 8) + 3 + 0
5
What is the value of 3 + -1 + -16 + 13 + 3?
2
Evaluate -3 + 2 + (0 - 1).
-2
(-5 - 0) + 35 + -22
8
Evaluate -4 + (-2 - -2) + (4 - 4).
-4
Evaluate -2 + (10 - -1) + -7.
2
What is the value of -3 + 5 + -1 + -5 + 8?
4
What is -4 - ((3 - 1) + 3) - -4?
-5
What is -10 - (-7 - -7 - 11)?
1
Calculate 3 + -5 - -7 - 9.
-4
What is 4 + -3 + 6 - (-1 - -4)?
4
-3 + (-4 - -4 - -1)
-2
What is (2 + -7 - -3) + 2?
0
Evaluate 1 - 5 - (-8 + 0).
4
What is the value of 8 + -10 + 10 + -10?
-2
What is -12 + (-8 - 3) + 20?
-3
What is the 